 6, what is 3252 - -254?
3550
In base 6, what is 145254133 - 3?
145254130
In base 6, what is -302 - -541?
235
In base 16, what is 251 - 7c?
1d5
In base 2, what is -10110010110 + 10001?
-10110000101
In base 3, what is 111221 + 10110?
122101
In base 16, what is -129e - 8?
-12a6
In base 3, what is 11 + -21222001212?
-21222001201
In base 4, what is 20032330210 + 3?
20032330213
In base 5, what is -2 + 103431332?
103431330
In base 5, what is -2 + 24402?
24400
In base 7, what is 11 + -460036?
-460025
In base 11, what is -481228 - -3?
-481225
In base 4, what is 2331 + 2310202?
2313133
In base 15, what is 22 - -3595?
35b7
In base 2, what is -10110 - 1011100111110?
-1011101010100
In base 6, what is 51133 + 3?
51140
In base 11, what is 3 - -182416?
182419
In base 11, what is 4a08 + 3?
4a10
In base 8, what is 37 + -6734?
-6675
In base 7, what is 4 - -111603?
111610
In base 3, what is -2012000202 + 1?
-2012000201
In base 6, what is 4 + 250054?
250102
In base 6, what is 0 - 113534?
-113534
In base 5, what is 2 + -4133413?
-4133411
In base 15, what is 38 + -4d1?
-498
In base 16, what is 9 + -548bb?
-548b2
In base 12, what is 226a0 - 147?
22555
In base 3, what is -1101 - 1121102?
-1122210
In base 13, what is -5670 + 1?
-566c
In base 15, what is -755 + e6?
-65e
In base 4, what is 1 - -332130?
332131
In base 6, what is -1431 - 1430?
-3301
In base 13, what is 7388 - -16?
73a1
In base 14, what is 18 + 1a10?
1a28
In base 14, what is 2943 - 13?
2930
In base 16, what is -78 - 26?
-9e
In base 9, what is 48705 - 4?
48701
In base 15, what is 111bb + -7?
111b4
In base 3, what is 12 - -120201201020?
120201201102
In base 2, what is -110 + -10101101010110000?
-10101101010110110
In base 2, what is 100 - 100100111101010?
-100100111100110
In base 9, what is 1 - -26205?
26206
In base 5, what is 2 - -4220342?
4220344
In base 2, what is 101 + 10111111010100?
10111111011001
In base 14, what is -6 - 77a5?
-77ab
In base 7, what is -2 + -142042?
-142044
In base 5, what is 10402402 - -1?
10402403
In base 3, what is 21111202110 + 12?
21111202122
In base 7, what is 1 - -15433?
15434
In base 11, what is 5 + -29520?
-29516
In base 13, what is 9 + -10837?
-1082b
In base 12, what is 25 + a7?
110
In base 15, what is -e + -1b0?
-1be
In base 4, what is -2 - -1202211312?
1202211310
In base 15, what is 3a - 37d?
-343
In base 9, what is 8116 + -222?
7784
In base 2, what is -100011010100111111 - -101?
-100011010100111010
In base 4, what is 10100 - 1120?
2320
In base 14, what is 4 - 48c05?
-48c01
In base 2, what is 10111000111101011100 + 1?
10111000111101011101
In base 4, what is -101 - 2121?
-2222
In base 15, what is -814 + -26?
-83a
In base 14, what is 7c - -215?
293
In base 7, what is 2632 - 121?
2511
In base 13, what is 99148 - -4?
9914c
In base 2, what is 1001101011001001101 + -1?
1001101011001001100
In base 7, what is -35256 - -404?
-34552
In base 6, what is 4 + -24530325?
-24530321
In base 9, what is -121371 - -2?
-121368
In base 9, what is -4 - 544332?
-544336
In base 5, what is -14042201 - -3?
-14042143
In base 9, what is -3 + -21328?
-21332
In base 12, what is b83b47 + 1?
b83b48
In base 11, what is -598 + 551?
-47
In base 12, what is -117b4 + a?
-117a6
In base 13, what is -1 - -627c4?
627c3
In base 6, what is -32511 - 4?
-32515
In base 10, what is -26764 + -3?
-26767
In base 11, what is a28 + -41?
997
In base 14, what is -1 - 462c0?
-462c1
In base 14, what is -44 + da9?
d65
In base 7, what is 10426525 - 3?
10426522
In base 7, what is 30 - 1626642?
-1626612
In base 12, what is -3 + -413?
-416
In base 3, what is -22 - -10101211?
10101112
In base 5, what is 4 + -3142004?
-3142000
In base 14, what is -c0a05 + -2?
-c0a07
In base 4, what is -2112000 - 0?
-2112000
In base 11, what is 2 + 4176?
4178
In base 15, what is -248e71 - -5?
-248e6b
In base 14, what is 12242 - -5?
12247
In base 8, what is 553 - -313?
1066
In base 4, what is -1101 + -3313?
-11020
In base 8, what is 447 - 503?
-34
In base 12, what is -30030 + 1?
-3002b
In base 3, what is 102101100 - -2?
102101102
In base 2, what is -10011101101 + -110?
-10011110011
In base 13, what is -954c - 89?
-9608
In base 3, what is 11201001221 - -11?
11201002002
In base 9, what is -1334 + -41?
-1375
In base 5, what is -432 + 40112?
34130
In base 4, what is -2 - -102313311?
102313303
In base 7, what is -300545 - 3?
-300551
In base 2, what is 10110 - -10100011011010?
10100011110000
In base 16, what is -1372 + 5?
-136d
In base 9, what is 5341 - -380?
5731
In base 3, what is -10222210011 + -10?
-10222210021
In base 8, what is -2 + -3260036?
-3260040
In base 4, what is 11101201 - -203?
11102010
In base 13, what is -1 - -197c3?
197c2
In base 14, what is 8c180 + 9?
8c189
In base 10, what is 386 - -6023?
6409
In base 11, what is -199717 - -2?
-199715
In base 5, what is 4 + 1001141?
1001200
In base 4, what is -321 - 1212?
-2133
In base 3, what is -12 + 120021100?
120021011
In base 11, what is 448 - a48?
-600
In base 3, what is 10020011202 - -12?
10020011221
In base 15, what is 4 + b790c?
b7911
In base 16, what is -5 + 66dc?
66d7
In base 7, what is 1050 - -646?
2026
In base 9, what is 1226 + -112?
1114
In base 14, what is -7 + 1a811?
1a808
In base 6, what is -51 + -3334?
-3425
In base 6, what is -11400 - 324?
-12124
In base 14, what is -6b992 - b?
-6b99d
In base 7, what is 5562 + -142?
5420
In base 8, what is -4 + 3070?
3064
In base 13, what is 10 - 1835?
-1825
In base 5, what is -1 - -41030?
41024
In base 12, what is -3261 + -5?
-3266
In base 9, what is -11883 - -5?
-11877
In base 3, what is 22122 + 112010?
211202
In base 3, what is 11 + 21100221?
21101002
In base 2, what is 111010110010011011110 + -11?
111010110010011011011
In base 15, what is 1 - -32c08?
32c09
In base 12, what is -45 + 2b74?
2b2b
In base 4, what is 10 - 322320?
-322310
In base 13, what is -5 - 7c?
-84
In base 12, what is a59740 + 5?
a59745
In base 13, what is -2981b + -2?
-29820
In base 14, what is -1 - 2437d?
-24380
In base 10, what is -41 - 18337?
-18378
In base 15, what is -1e3 - -71?
-172
In base 6, what is -44 + -4430?
-4514
In base 11, what is -82536 + 9?
-82528
In base 3, what is -12 - 111000010111?
-111000010200
In base 3, what is 10201211 + 2110100?
20012011
In base 12, what is -3 + 289a54?
289a51
In base 3, what is -101220 + 20102221?
20001001
In base 3, what is 1021 + 11000?
12021
In base 6, what is -500 + -2031?
-2531
In base 10, what is 79 + 1128?
1207
In base 12, what is -43 + 1879?
1836
In base 14, what is 2890 + 9?
2899
In base 11, what is -48 + -1040?
-1088
In base 10, what is -64 + 559?
495
In base 8, what is -315 + -35?
-352
In base 8, what is -47153 + 14?
-47137
In base 13, what is 4c - 848?
-7c9
In base 14, what is -1 - -17855?
17854
In base 10, what is 1526 - -2066?
3592
In base 2, what is -101 + 10010000001110?
10010000001001
In base 9, what is -6 + 14436?
14430
In base 12, what is -6a + -243?
-2b1
In base 4, what is 1100 - -2012230?
2013330
In base 12, what is -20 + -a49?
-a69
In base 8, what is -5 - -60347?
60342
In base 12, what is -1622b + 2?
-16229
In base 3, what is -101011011 - 120?
-101011201
In base 10, what is 96944 + -6?
96938
In base 13, what is -231b - 181?
-249c
In base 16, what is b53c + 4e?
b58a
In base 14, what is -7 + 1166c?
11665
In base 14, what is 10 - 63040?
-63030
In base 6, what is -4 - 214522?
-214530
In base 15, what is -2 + -b411e?
-b4121
In base 12, what is 2b059 + 18?
2b075
In base 6, what is 1 + 120214?
120215
In base 11, what is -2494a83 - -1?
-2494a82
In base 15, what is 12279 + -5?
12274
In base 3, what is 121202121022 + -1?
121202121021
In base 4, what is 211222 + -203?
211013
In base 6, what is 0 - 151444?
-151444
In base 7, what is 340 - -1063?
1433
In base 2, what is 1101 + -1001011010?
-1001001101
In base 4, what is 32023103 - 2?
32023101
In base 9, what is -21 + 3421?
3400
In base 7, what is 3 + -15601405?
-15601402
In base 4, what is 1223031 - -3230?
1232321
In base 7, what is 66346 - -3?
66352
In base 5, what is 311 + -32004?
-31143
In base 4, what is -103232 - -21322?
-21310
In base 6, what is -30 + -14254?
-14324
In base 3, what is 12 + 222020011?
222020100
In base 11, what is 943a3 + -4?
9439a
In base 12, what is 845ab7 - 5?
845ab2
In base 2, what is 100000011011110 + -111?
100000011010111
In base 7, what is 141036 - -5